ulate the highest common factor of b and 208.
26
Let i be ((-7)/(21/12))/(-1). Calculate the greatest common factor of i and 52.
4
Suppose 3*x = 5*x. Suppose x = -0*l - 4*l. Suppose l*j - 105 = -5*j. What is the greatest common factor of 7 and j?
7
Suppose 9*k - 710 + 224 = 0. What is the greatest common factor of 81 and k?
27
Suppose 40 - 15 = y. Let d be (-140)/y*(-10)/2. Calculate the greatest common factor of d and 308.
28
Suppose -3*m + z = -34 - 7, 2*z = 5*m - 67. Calculate the highest common factor of m and 135.
15
Suppose 11*f - 14*f = -30. Suppose 0 = -6*d + 5*d + f. What is the greatest common divisor of 5 and d?
5
Let o be (2 + -1)/(15/(-16) - -1). Calculate the highest common divisor of o and 40.
8
Let s = -18 + 21. What is the greatest common divisor of 15 and s?
3
Suppose -5*w + 205 = 5*k, -6 + 4 = -2*w. What is the highest common factor of k and 50?
10
Suppose -5*y - 23 + 73 = 0. Let q be 26/y - 2/(-5). Suppose 6*l - q*l - 45 = 0. Calculate the greatest common factor of 120 and l.
15
Let q be (-3 + (-12)/(-8))*-2. Suppose q*d + 18 = 5*d. What is the highest common factor of d and 63?
9
Suppose 5*c - 1 = 3*r + 1, 1 = c. What is the greatest common factor of r and 7?
1
Suppose -2*i + 7*i = d - 65, 5*i = 2*d - 135. Let g = 0 - 0. Suppose -3*n + 4*n - 28 = g. Calculate the greatest common divisor of d and n.
14
Let f(z) = 2*z**2 + 2*z + 4. Let n be f(-7). Calculate the highest common factor of 22 and n.
22
Suppose -m = -5*m + 224. Suppose -5*n + n = -56. Calculate the highest common divisor of n and m.
14
Suppose -2*s - 170 = -4*i, 0*i + s = -2*i + 95. Let f = 89 - 59. What is the highest common divisor of i and f?
15
Suppose -2*a = a - 2*y - 35, -5*a + 4*y = -61. Let t = -6 + 15. Calculate the greatest common factor of a and t.
9
Let i be 2 + 0*(-1 - -2). Suppose 7 = i*b - 95. Calculate the greatest common divisor of 17 and b.
17
Suppose 0 = -z - 4*g + 48, -5*g = -4*z - g + 112. Suppose 1 + 9 = 5*c. Suppose -c*b + 5*b - 12 = 0. What is the highest common factor of b and z?
4
Let d(r) = r**2 + 5. Let y be d(-2). What is the greatest common divisor of 9 and y?
9
Suppose -2*o - 17 = -57. What is the highest common divisor of 30 and o?
10
Let x(n) = -n**3 + 6*n**2 - 5*n + 10. Let q be x(5). Let h(d) = -2*d - 6. Let v be h(-5). Calculate the highest common factor of q and v.
2
Let x(d) = -12*d - 2. Let u be x(-5). Suppose -u = -g + 9. Let i = g + -43. What is the highest common divisor of 60 and i?
12
Let q(p) = 5*p**2 + p + 1. Let h be q(-1). Calculate the greatest common factor of h and 40.
5
Suppose -3*w + 2 = 5. Let r be 17 - ((1 - w) + 0). Calculate the highest common divisor of r and 120.
15
Let d = -22 + 35. Calculate the greatest common divisor of 26 and d.
13
Let d(l) = 3*l - 10. Suppose -5 + 15 = y. Let a be d(y). Calculate the greatest common factor of a and 30.
10
Let w(p) = -p**2 + 5*p - 7. Let g be w(5). Let m(s) = s**2 + 4*s + 9. Let a be m(g). Calculate the highest common divisor of 45 and a.
15
Let o(u) = u**2 - 14*u + 20. Let z be o(13). What is the greatest common divisor of 14 and z?
7
Let r(k) = -2*k. Let b = -3 - 6. Let j be r(b). Let y = j - 3. What is the highest common factor of 3 and y?
3
Let p(y) = y**2 - 4*y - 7. Let m be p(-4). Calculate the highest common divisor of m and 25.
25
Let j = 11 + -11. Suppose 4*z + 12 = j, 0*z = -n + z + 120. Suppose -2*m + 12 + 18 = -l, l = -4. Calculate the greatest common factor of m and n.
13
Let w = 36 - 20. Let n = w + -2. What is the greatest common factor of n and 14?
14
Suppose -4*k + 0*k + 486 = y, -5*k + y = -603. What is the greatest common factor of k and 11?
11
Let m be 42/(-4)*-6 + (-48)/12. Calculate the highest common factor of m and 531.
59
Suppose 2*k + 2*k - 72 = 0. Let y be (21/4)/((-1)/(-24)). Calculate the greatest common factor of k and y.
18
Let g(d) = d**3 + 21*d**2 + 6*d + 146. Let t be g(-21). Suppose j - 70 = 6*m - m, -4*m = 5*j - 292. What is the greatest common factor of j and t?
20
Suppose -q + 6*a - 2*a = -116, -2*a = 10. What is the highest common factor of 12 and q?
12
Suppose -5*v + 258 = 33. Calculate the greatest common factor of 5 and v.
5
Suppose 5*q - 5*o = 20, 2 = 3*q + o - 2. Suppose q*b = -2*b - 380. Let r = b + 163. Calculate the highest common factor of 17 and r.
17
Let b be 6*(-10)/(-15)*1. Let v be (-2)/((-2)/1) - 0. What is the greatest common divisor of b and v?
1
Suppose -v - 12 = -4*i + 31, 5*i + v - 65 = 0. Calculate the greatest common factor of 30 and i.
6
Suppose -2*b + 48 = -3*o, -3*b - b + 3*o = -96. What is the greatest common factor of 216 and b?
24
Let h be 4/(-10) - 76/10. Let q be 93/4 - 6/h. What is the highest common divisor of 72 and q?
24
Let c be 1/((2/(-22))/(-1)). Let z be 34/1 - (0 - -1). Calculate the highest common divisor of c and z.
11
Let o(v) = -4*v**2 + 22*v - 2. Let s be o(5). Suppose 4*g + 22 = 150. Calculate the highest common factor of s and g.
8
Let n be 62 + (1 - -1)/1. Let c(l) = 3*l**2 - 3*l + 2. Let b be c(2). What is the greatest common factor of n and b?
8
Let z(j) = 30*j - 1. Let l be z(1). Suppose -4*n - 3*g = -l, -n = 4*g - 1 - 16. Calculate the highest common divisor of n and 45.
5
Suppose -1 = k + 2*o, 1 = o + 2. What is the greatest common divisor of 11 and k?
1
Let y(k) = -k**3 + 16*k**2 - 14*k - 5. Let d be y(15). Let v = 4 - -1. Let f(m) = 19*m - 5. Let u be f(v). What is the greatest common factor of u and d?
10
Let i(t) = 3*t**2 - 4*t + 5. Let x be i(3). Suppose 4*h + 2*b = 314, 4*b + 154 = 5*h - 258. What is the highest common factor of x and h?
20
Let t = -586 - -915. What is the greatest common factor of t and 47?
47
Suppose 3*f - 5 = 8*f. Let n be f/(-5) + (-48)/(-10). Let w be (35/(-2))/((-2)/4). Calculate the highest common divisor of w and n.
5
Let q = 5 - 3. Suppose -q*p + 5*p = 3. Let y be (p + (-48)/9)*-3. What is the greatest common factor of 13 and y?
13
Suppose 5*x - 32 = 3*x. What is the greatest common factor of x and 32?
16
Let p(r) = -4*r - 37. Let j be p(-15). What is the greatest common divisor of 253 and j?
23
Let s(t) = 5*t**2 - 5 + 6*t + t**3 - 2*t**2 + 5*t**2. Let r be s(-7). Let g = -11 + 12. Calculate the greatest common divisor of g and r.
1
Suppose 90 = 6*k - k. Let t be (-6)/(-9) - (156/(-9) + 0). Calculate the highest common factor of t and k.
18
Let t be (12/(-9))/((-14)/735). Calculate the greatest common factor of 28 and t.
14
Suppose -5*q = -p + 7, 3*p + p + 5*q - 78 = 0. What is the highest common divisor of p and 187?
17
Suppose -2*h + 97 = 45. What is the highest common factor of 78 and h?
26
Suppose -4*g - 2*t + 39 = -t, 2*t = 5*g - 52. Let k be (2 + 0)*3/(-6). Let l(d) = -25*d. Let u be l(k). What is the highest common factor of g and u?
5
Let j be (24/(-36))/(2/(-48)). What is the highest common factor of 64 and j?
16
Let z = 27 + 27. Calculate the highest common factor of 135 and z.
27
Let a be -6*6/(-9) + -2. Suppose 2*p + a*u - 16 = 8, 3*p - 2*u = 16. Suppose -4*m = -2*m - 2. What is the highest common divisor of p and m?
1
Let w = 100 - 84. Let b = 56 - 40. Calculate the highest common factor of w and b.
16
Let l be 0*1/(1 + 1). Suppose l = -4*t, -y - t + 7 = -3*t. Let b = 18 - y. What is the highest common divisor of 22 and b?
11
Let o = -32 + 49. Calculate the highest common factor of 34 and o.
17
Suppose 0 = 5*s - 5*q - 85, s - 7 = 4*q + 7. Let x = -3 + s. Let z = -5 + 8. What is the highest common factor of x and z?
3
Let u be (21 - 4)/((-2)/(-4)). Let f(d) = d**3 - 4*d**2 + 2. Let l be f(4). Let j be (l + 1 - 2)*51. What is the greatest common divisor of j and u?
17
Suppose i + 2*x = -0*i + 16, -32 = -5*i + 2*x. Suppose 4*h = -4 + i. Calculate the highest common factor of h and 5.
1
Let x = 406 - 253. Let n = -5 + 22. Calculate the greatest common divisor of n and x.
17
Suppose 0 = -4*m + 65 - 17. Suppose 0 = -5*x + 20, y - m + 3 = -x. Suppose -4*o = 8, -4*o - 15 = -2*t + y. Calculate the highest common factor of 4 and t.
2
Suppose 0 = 6*y - 1 - 5. What is the greatest common divisor of 4 and y?
1
Let p(k) = 5*k - 10. Suppose 2*h + 4*x + 2 = h, 2*h = -4*x + 4. Let b be p(h). Let f = 34 + -24. What is the greatest common factor of f and b?
10
Suppose 2*k - 6*q - 24 = -2*q, -k - q + 6 = 0. Calculate the greatest common factor of 8